What is the hundreds digit of j?
3
Suppose -6*a + 6 = -6. Suppose 9*y - 8*y = -a. Let x(b) = 23*b**2 - 6*b - 10. What is the units digit of x(y)?
4
Suppose -8 = -2*i, 15*u = 18*u - 3*i + 24. What is the units digit of u/8 + (-6291)/(-12)*2?
8
Let n(m) = 2*m**3 + 14*m**2 + 5*m - 12. Let t be n(-6). Let p(h) = h - 5*h + t*h**2 + 10 + 0 - 23*h**2. What is the tens digit of p(5)?
6
Let i = -27 - -10. Let l = 27 - i. Let d = -31 + l. What is the tens digit of d?
1
Suppose 28*h - 26*h = 8. Suppose -4*d + d - 723 = -4*i, 0 = 4*d + h. What is the tens digit of i?
8
Let v(q) = 9*q**2 - 6*q - 4. Let c be v(-2). Let u(k) = -2*k**2 - 5*k - 3. Let r be u(-3). What is the units digit of 2896/c - r/33?
6
Let a = 77122 + -23470. What is the tens digit of a?
5
Suppose 36*h - 32*h - 4*q = 129424, -5*h + 2*q + 161768 = 0. What is the thousands digit of h?
2
Let z be (4/(-6))/(6/(-81)). Suppose 0 = 2*c - 10, 4*n - 4*c - 505 = -z*c. Suppose h - 30 = n. What is the hundreds digit of h?
1
Let t be (13/26)/((-5)/(-61430)). Suppose -4*c + t = 2023. What is the thousands digit of c?
1
Suppose 0 = 5*i - 3*g - 78478, -2*i + 94168 = 4*i - 5*g. What is the hundreds digit of i?
6
What is the hundreds digit of 9*(-4)/288 + (-26607)/(-56)?
4
Suppose 0*y + 36 = 5*r - 2*y, 3*y = -5*r + 21. Suppose r*p - 590 = 172. Suppose 0 = 2*u + 2*o - 3*o - 93, 3*u - p = 4*o. What is the units digit of u?
9
Suppose -7*l + 25 = -2*l. Suppose 0 = -l*d - 2*c + 24, -4*d - 2*c + 18 = -c. Suppose -5*k - 319 = b - 4*b, 3*b - 323 = d*k. What is the hundreds digit of b?
1
Suppose 40 = 93*z - 85*z. Suppose 0 = -u - u - z*i + 1782, -2*i = 5*u - 4413. What is the hundreds digit of u?
8
Let t = -11407 - -12058. What is the hundreds digit of t?
6
Let l = -5783 + 16067. What is the hundreds digit of l?
2
Suppose -3671895 = -168*z + 107*z. What is the tens digit of z?
9
Let t(o) be the third derivative of -7*o**4 + 95*o**3/3 + 8*o**2 + 2. What is the thousands digit of t(-5)?
1
Let f = 147 + 18. Let t = f + 2. Let m = t - 69. What is the tens digit of m?
9
Suppose -r = -2*p + 24, 0 = 4*p + 4*r - 22 - 26. Suppose -7*y + p*y = 20. Suppose 18 = 3*l - o, 3*l + y*o - 2 - 1 = 0. What is the units digit of l?
5
Let a(v) = -13*v**2 + 3*v**3 - 2*v - 4*v**3 + 14 + 2*v**3. Let j be a(14). What is the units digit of (-444)/(-13) + (-7)/(j/4)?
4
What is the hundreds digit of (151/(-604))/((-2)/36648)?
5
Let n(z) = 3*z + 87. Let s be n(-28). What is the units digit of (-2910)/(-20) - (s/6 - 0)?
5
Suppose 0 = 505*v - 500*v + 5*x - 26880, 0 = -3*v + 5*x + 16136. What is the hundreds digit of v?
3
Suppose 5*d + 1461 + 1668 = v, 15617 = 5*v + 3*d. Suppose -v = -13*i - 9*i. What is the hundreds digit of i?
1
Let m = -34 + 31. Let s be 12/(3*(-3)/(-12)) - 1. What is the units digit of 438/15 + m/s?
9
Suppose -3*g + 560 = g + 4*w, 5*w = 4*g - 560. Let x = -81 + g. Let u = 30 + x. What is the tens digit of u?
8
Suppose 25*c - 20*c + 14404 = 3*o, -3*o + 14414 = 5*c. What is the thousands digit of o?
4
Let o = 68 - 72. Let z be (-3 - -60) + o + -3. What is the hundreds digit of (-1)/5*z/(-15)*159?
1
Let b(l) = 5*l**3 - 14*l**2 - l + 48. Let a be b(13). Suppose 8*u - a = 2474. What is the hundreds digit of u?
3
Suppose 0 = -u + 5*v + 81, 4*v = -5*u - 0*v + 260. Let g = 115 + u. What is the tens digit of g?
7
Suppose 13*k = 4*k - 22068. Let n = 3617 + k. Suppose -11*a = -89 - n. What is the tens digit of a?
1
Suppose 2*b - 24 + 62 = 0. What is the hundreds digit of b/(-38) - 435/(-2)?
2
Let l(o) = 22*o**3 - 5*o**2 - 19*o + 88. What is the hundreds digit of l(3)?
5
Let u be (2/(-2))/((-12)/24). Let g be u/11 + (-8424)/(-132). Suppose 5*h + 2*i = 253 - g, h = i + 35. What is the tens digit of h?
3
Suppose -11*a = -15*a - 14*a + 177534. What is the hundreds digit of a?
8
Suppose -696206 = -22*h + 45832. What is the ten thousands digit of h?
3
Suppose -107*y + 324559 = -2506875. What is the tens digit of y?
6
Let g be (-68)/6*3/(-1). Let h(r) = 186*r**2 + 97*r + 96. Let v be h(-1). Suppose -v = -39*p + g*p. What is the tens digit of p?
3
Let j(m) be the third derivative of m**6/120 - m**5/15 - m**4/24 + m**3/2 - 15*m**2. Let h be j(4). What is the tens digit of 6/10 + h + (-18940)/(-100)?
8
Let b be 1072 + -9*(-2)/(-6). Let m = b + -746. What is the units digit of m?
3
Let q(u) = 18*u**2 + 1965*u - 277. What is the units digit of q(-121)?
6
Let x be (5 + -31 + -2)/(4 - 2). What is the units digit of -447*(-7)/x*(-6)/9?
9
Let t(q) = 13*q**2 - 195*q - 2101. What is the thousands digit of t(-10)?
1
Suppose 5*w = 16*w - 44. Suppose 2*b - 4 = w. Suppose 395 = -b*h + 1179. What is the tens digit of h?
9
Let m(o) = 255*o**2 - 18*o - 145. What is the thousands digit of m(-7)?
2
Let o = -123 + 133. Suppose 38 = 16*h - o. Suppose 3*u + 254 = m, -u + 1283 = 5*m - h*u. What is the tens digit of m?
5
Suppose -3*x = 5*t - 595, 0*t + 3 = -3*t. Let w = 266 + x. What is the tens digit of w?
6
Let n(c) = -2*c**3 + 33*c**2 - 19*c + 22. Let a be n(16). What is the hundreds digit of (a/(-3))/(34/561)?
1
What is the hundreds digit of (-39225)/(-40) - (-33)/88?
9
Suppose 0 = 35*z + 3*z - 28386. Let f = -24 + z. What is the tens digit of f?
2
Suppose 10 = -0*r - 2*r, 0 = 4*y + 5*r + 57. What is the hundreds digit of (-5 + (-1484)/y)/(1/2)?
3
Let f = 11 - 11. Suppose 4*i - 2*n + 38 = f, -9 = i + i + n. What is the units digit of (-20)/8*(-3 + i/(-5))?
4
Suppose -u + 9126 = 3*q, 4*u + 9126 = -22*q + 25*q. What is the hundreds digit of q?
0
What is the hundreds digit of (3 - (-566076)/36) + 8/12?
7
Let d(i) be the third derivative of 13*i**5/12 + i**4/12 - 2*i**3/3 - i**2. What is the tens digit of d(-2)?
5
Let x(w) be the first derivative of 4*w**3/3 + w**2 - 2*w + 3. Let u be ((-140)/56)/(2/4). What is the units digit of x(u)?
8
What is the units digit of (-481)/((60/(-375))/4)?
5
What is the ten thousands digit of 22435/2 - (5/15 - (-10)/(-12))?
1
Let m(r) = 80*r**2 + 30*r + 266. What is the units digit of m(-10)?
6
Let d(c) = 30*c**2 - 4*c - 8. Let m = 34 + -34. Suppose -5*v = -4*o - o, -3*o - 4*v - 14 = m. What is the hundreds digit of d(o)?
1
Let y(f) = 3*f**2 + 183*f + 279. What is the ten thousands digit of y(-97)?
1
Let n(i) = -52 + 37*i + 33 + 9 + 12*i**2. What is the hundreds digit of n(-7)?
3
Suppose 71*h - 141811 = 379542. What is the hundreds digit of h?
3
What is the hundreds digit of (-8 + 6 - (-3)/2)/(60/(-3366360))?
0
Suppose -n + 11 = -1. Suppose -96 = -6*k - n. Suppose 316 = -10*s + k*s. What is the units digit of s?
9
Let a(l) = -41*l**3 + 289*l**2 - 3*l - 26. What is the tens digit of a(7)?
5
Let y(g) = g**3 - 21*g**2 + 47*g + 44. What is the tens digit of y(34)?
7
Suppose 38*j + 49*j = 13*j + 39738. What is the tens digit of j?
3
Let w(r) = 3. Let t(z) = -19*z + 12. Let v(c) = t(c) + 5*w(c). What is the units digit of v(-14)?
3
Let v = 82970 - 46533. What is the thousands digit of v?
6
Suppose -2*n = 0, 11764 = 4*i + 20*n - 22*n. What is the tens digit of i?
4
Suppose -4*a + 5052 = -2*u + 5*u, a - 2*u - 1274 = 0. Let f = a + -735. What is the hundreds digit of f?
5
Let d be 30/((-42)/(-7)) + -3 + 0. Suppose -130 - 54 = -d*r. What is the units digit of r?
2
Let j = 712 + -389. Let s = 222 + j. What is the units digit of s?
5
Let m(g) = 3935*g**2 + 57*g + 133. What is the hundreds digit of m(-3)?
3
Let j = -9525 - -30266. What is the tens digit of j?
4
Suppose 3*v - 38 = 2*f, -8 = 4*f - 2*f. What is the hundreds digit of (3 - v - -189)*3/2?
2
Suppose 2901 = 4*b - 303. Suppose 5*q - b - 1509 = 0. What is the hundreds digit of q?
4
Let t = 83777 + -48664. What is the hundreds digit of t?
1
What is the hundreds digit of (-919)/(-4) + (-405)/540?
2
What is the tens digit of ((-3)/5)/(6/(-45644)) + 450/750?
6
Let w(x) = x**2 + 11*x + 58. Suppose r - z - 46 = 3*r, -2*z = 3*r + 68. What is the hundreds digit of w(r)?
3
Let k(l) = l**3 - 5*l - 2. Let p be k(-2). Suppose p = 4*m - 1888 - 452. What is the units digit of m?
5
Let l be (3/5)/((-10)/(-9150)). Suppose 2*o + 91 = l. What is the hundreds digit of o?
2
Let d(n) be the third derivative of -7*n**4/12 + 43*n**3/6 + 27*n**2. Let c be d(-13). Suppose c + 62 = 7*j. What is the units digit of j?
1
Suppose -b = -3*b - 3*b. What is the units digit of 3 + (b - 40)*(-44)/11?
3
Let m be ((-42)/12 - 